he highest common divisor of 125 and a.
25
Suppose b - 4*w - 81 = 0, -238 = -5*b - 4*w + 47. What is the highest common divisor of b and 1?
1
Suppose 594 = 18*m + 253 - 379. Let w be (3 + 13)/(2/25). What is the highest common divisor of w and m?
40
Let o be ((-9855)/18)/((-4)/40*5). Calculate the greatest common divisor of 15 and o.
15
Suppose -17*v - 100 = -42*v. Suppose -476 - 228 = -v*y. What is the highest common divisor of y and 16?
16
Let o(g) = g**3 + 8*g**2 + 8*g + 3. Let y(t) = -t + 1. Let p(m) = o(m) - 3*y(m). Let b be p(-5). Calculate the greatest common divisor of 4 and b.
4
Suppose 2*t - x = 4, -3*t = -5*x + 2 + 6. Suppose -t*y - y = -10. Let n be (-576)/(-27) + y/3. What is the greatest common divisor of 154 and n?
22
Let u(i) = -7*i - 29. Let l be u(-11). Suppose 12*m = 15*m - l. Suppose 3*k + 83 = 5*a, 3*a - 43 = 4*k - 9*k. Calculate the greatest common divisor of m and a.
16
Let m = 427 - -613. Calculate the highest common divisor of m and 156.
52
Let f(o) = 2*o**3 + 6*o**2 + 18*o - 52. Let h be f(2). What is the highest common divisor of 2436 and h?
12
Let p be (-450)/(-18)*8/((-8)/(-1)). What is the highest common divisor of 5750 and p?
25
Let p be 4 - (6/3 + -6). Suppose x - 396 = -p*x. Suppose 5*y = 54 + 1. What is the highest common divisor of y and x?
11
Let a = -97 - -103. Let g(s) = s**3 + 12*s**2 - 23*s - 48. Let h be g(-14). Let b = -88 - h. What is the greatest common factor of a and b?
6
Suppose 41 - 51 = -n. Let y be ((-110)/2 + n)/((-2)/22). What is the highest common factor of y and 11?
11
Suppose 105*o - 72*o + 164*o - 1576 = 0. What is the greatest common divisor of 3628 and o?
4
Suppose 0 = 3*p + 21, 4*m - 422 = -0*m + 2*p. What is the highest common factor of m and 799?
17
Suppose -6*w + 8 = -3*w + 2*m, 5*w = 2*m + 24. Let k be (-266)/(-30) + w/30 + 5. Let b be ((-2)/(-5))/(1/5). What is the highest common divisor of b and k?
2
Let f be (-3 - 2) + (-15)/9*(-3642)/10. What is the highest common factor of 1376 and f?
86
Suppose 65*g + 12 = 61*g. Let i be (-44)/(-33)*g/(-2). Suppose 0 = k + 3*k - 8, k = -i*c + 32. Calculate the highest common factor of c and 6.
3
Let h be (-224)/(-10) + 2/(-5). Let q(a) = 360*a - 155. Let d be q(-4). Let m be (d/(-116))/((-3)/(-12)). What is the greatest common divisor of h and m?
11
Let w be (2/4)/(10/40). Suppose -w*h = -76 - 12. Let u = 22 + -11. What is the greatest common factor of h and u?
11
Let c be (-7202)/554 + -1*829*-17. Calculate the greatest common divisor of 20 and c.
20
Let x be 3/(-9)*-3 - -25. Let s = x + -19. Let o = -260 - -267. What is the greatest common divisor of s and o?
7
Suppose -3*g = -7*g - 196. Let i = g - -77. Let t be (i/(-16))/(1/(-220)). Calculate the highest common factor of t and 35.
35
Let r(i) = -11*i - 36. Let s be r(-6). Let j = s - 27. Suppose -j*w - 11 = -17. What is the highest common divisor of w and 4?
2
Suppose -2*q - 3 = -r, 34*q - 29*q - 5 = 5*r. Let n(v) = 5*v**2 + 12. Let a be n(q). What is the highest common factor of 138 and a?
46
Suppose 0 = -2*n - p + 446, -1934*n = -1935*n + 2*p + 203. What is the greatest common divisor of n and 37011?
219
Let r be 1 + -6 + 11 + -1. Suppose -2*l + 218 = -g, 0 = -3*l - r*g + g + 349. Calculate the highest common factor of l and 3.
3
Let u(s) = 3*s**2 + 153*s + 1758. Let l be u(-13). Calculate the highest common divisor of 4600 and l.
92
Let l be 6859/38 + 1/2. Let d = l + -167. What is the greatest common divisor of 2 and d?
2
Let o = -9 - -22. Suppose 1795 = o*c - 3041. Calculate the greatest common divisor of c and 24.
12
Let n be (-134)/3*-4*12/(-32). Let y be ((-8)/4 - 92)*-1. Let o = n + y. What is the greatest common divisor of o and 54?
27
Let h = 98 + -137. Let a = h + 46. What is the highest common divisor of a and 91?
7
Suppose -205 = 5*t + 15. Let x = t + 69. Let k = 177 - 52. Calculate the greatest common divisor of x and k.
25
Let m(h) = 3*h**3 - 85*h**2 + 60*h - 562. Let p be m(28). Calculate the greatest common divisor of p and 2839.
167
Suppose -24769 = -7*j - y, 8*y = 4*j + 3*y - 14137. Calculate the greatest common factor of 58 and j.
58
Let r = -27018 + 27033. Calculate the highest common factor of 4220 and r.
5
Let w(o) be the first derivative of -4*o**2 - 73*o + 25. Let x be w(-7). Let f(a) = a + 64. Let j be f(x). Calculate the highest common factor of 47 and j.
47
Let j be -15 - -33*(-25)/(-15). Calculate the highest common factor of 18 and j.
2
Suppose -75*p = 2*m - 80*p - 1033, -4*m - 4*p + 1996 = 0. Calculate the greatest common divisor of m and 4.
4
Suppose -5*g + 34 = -146. Let f be -5 + (-185)/(-35) + 86/(-7). Let c be (f*(-6)/(-60))/(6/(-20)). What is the highest common divisor of c and g?
4
Let y be 171666/231 - (-24)/(-21). Calculate the highest common divisor of y and 14.
14
Let c be (-1902)/(-54) - 3/(27/2). Let t = 22 - 20. Suppose 4*x + 0*x + t*m = 50, 3*m - 5 = -x. Calculate the greatest common divisor of c and x.
7
Let a be (820/15)/(-2)*(-6)/4. Suppose -l + a = 2*s + 42, 0 = -2*s + 2*l + 14. What is the highest common factor of 34 and s?
2
Let m = 208 + -197. Suppose -m*y - 23 + 749 = 0. Calculate the greatest common factor of y and 12.
6
Let b = -209 - -263. Let i(z) = z**3 - 6*z + 4. Let q be i(2). Suppose -4*k + r + 26 = q, 0 = -4*r - 3 - 5. What is the highest common factor of k and b?
6
Let b = 1106 + -1050. Let k = 34 + -83. Let u = k + b. Calculate the highest common divisor of 56 and u.
7
Suppose 2*k = 8 - 2. Suppose -6*g = -k + 33. Let m be ((-20)/g - 3)/((-2)/(-70)). Calculate the highest common divisor of 14 and m.
7
Let x(b) be the first derivative of -11*b**4/2 - b**2/2 - 11. Let d be x(-1). Let w(k) = 5*k - 7. Let c be w(6). What is the highest common divisor of c and d?
23
Let p(t) = -t**3 - 5*t**2 - 7*t - 93. Let h be p(-6). Let n = 17 - 4. Let y be (h + 9)*n/(-2). Calculate the highest common divisor of y and 156.
39
Let v = -4277 - -4279. Let g = 342 - 236. Calculate the greatest common factor of g and v.
2
Let j be ((-2)/(-3))/(35139/(-3195) - -11). Let g = -186 + j. What is the highest common factor of 39 and g?
13
Let y(n) = 12*n - 2. Let s be y(1). Suppose -3*b - 28 = -s*b. Suppose b*x + 25 = g, 3*g + 2*g - 5*x - 155 = 0. Calculate the highest common factor of 66 and g.
33
Let o(t) = 4*t**2 + 39*t + 396. Let w be o(-19). What is the highest common factor of w and 21?
7
Suppose 3*k - 7*u - 489 = -3*u, 4*k + 5*u - 683 = 0. Let g = k - 153. What is the highest common factor of 28 and g?
14
Suppose 0*x + 5*x - 100 = n, 2*n = 0. Suppose -18*c + x*c = 46. Calculate the highest common factor of c and 253.
23
Let s be -23 + (-28)/8*2. Let o(h) = -2*h**3 - 61*h**2 - 42*h + 56. Let c be o(s). What is the greatest common factor of c and 52?
52
Suppose 2*d + 3 = 11. Suppose f + d*x - 4 = -22, -2*f - 4*x - 16 = 0. Suppose -f*p + w = -35, 13*w = 10*w + 15. What is the highest common factor of p and 220?
20
Let h(y) = 2*y**3 - 30*y**2 + 79*y - 4. Let p be h(12). Calculate the greatest common factor of p and 380.
20
Let t(f) = 4*f**2 - 3*f - 2. Let p be t(3). Suppose -5*z - 32 = -37. Calculate the highest common divisor of p and z.
1
Suppose 4*t - 650 - 2005 = h, 0 = -4*t + 5*h + 2635. Suppose 3*z = 2*g - 771, -z - 2202 = -4*g - t. What is the highest common divisor of 96 and g?
96
Let b be 0 - ((-246)/30 + 8) - (-13716)/20. Calculate the highest common divisor of 392 and b.
98
Let h = 37 + -35. Let c be h*-1*4/4. Let a be 54/7 + (c - 32/(-14)). What is the greatest common factor of 4 and a?
4
Let c = -85363 + 85372. Suppose -27 = -2*o + 3. Calculate the greatest common divisor of o and c.
3
Suppose 0 = -389*p + 38877 + 1579. Calculate the highest common factor of 5083 and p.
13
Let b(r) = -1476*r**3 + 26*r**2 + 44*r - 2. Let l be b(-2). Calculate the greatest common divisor of 92 and l.
46
Let o(r) be the second derivative of -2*r**3/3 - 11*r**2/2 - r. Let c = -10389 - -10383. Let p be o(c). Calculate the highest common factor of p and 104.
13
Let a(z) = z**2 + 5*z - 3. Let g be a(4). Let n = 34 - g. Let u be (8/(-20))/((-76)/75 + n). Calculate the greatest common factor of u and 20.
10
Suppose 46198 - 16195 = 3*r. Suppose -r - 1879 = -30*i. Calculate the highest common factor of 99 and i.
99
Let z(o) = -36*o - 104. Let p be z(-3). Suppose